q**3. Calculate x(-3).
7
Let y(v) = v**2 - v + 2. Suppose -2*s + 3*x - 2*x + 15 = 0, -2*s + 3*x = -21. Let n(r) = -r**2 + 5*r + 8. Let i be n(s). Calculate y(i).
4
Let h(x) = -x**3 - 2*x**2 - 2*x - 2. Let p be h(-2). Suppose -4*l + p = -10. Let b(q) = 4*q**3 + q**l - q + q**2 + 0*q**3 - 1. Calculate b(-1).
-4
Let h(b) = -2*b**2 + 4*b + 7. Let d be (-4 - (-2 - -1))/((-33)/55). What is h(d)?
-23
Let x(y) = -19*y + 0*y**3 + y**3 + y**2 + 2*y**2 + 2 + 23*y. Give x(-2).
-2
Let v(o) = 9*o**3 + o**2 + 25*o + 9. Let g(y) = 5*y**3 + y**2 + 13*y + 5. Let z(h) = -11*g(h) + 6*v(h). Determine z(-6).
-7
Let b be 52/3 - (-1)/(-3). Suppose o - 1 = i, -3*i + 4 = 5*o - b. Let q be (2 - 6/o) + -2. Let n(v) = -v**3 - 2*v**2 + 2. Calculate n(q).
2
Suppose 2*i + 10 = 0, -2*o + 0*o - 2*i = 10. Let d(l) be the first derivative of -1 + 7/3*l**3 + l + o*l**2. Give d(-1).
8
Let x(t) = t + 5. Let j = 20 - 23. Let g = j - 3. Give x(g).
-1
Let q(k) = -4*k**3 + k - 1. Suppose 0 = 3*v - 2*i - i + 6, 0 = 2*i - 6. Give q(v).
-4
Let o(i) be the third derivative of -1/60*i**5 + 0 + 0*i**3 - 1/8*i**4 + 0*i + 3*i**2 + 1/720*i**6. Let l(b) be the second derivative of o(b). What is l(2)?
0
Let f(p) = -p**3 + 4*p**2 - p + 3. Suppose -27*u = -22*u - 15. Calculate f(u).
9
Let t(j) be the first derivative of -j**3/3 + 2*j**2 - 2*j + 1. Let x be 0 - (-2 + 4 - (0 + 5)). What is t(x)?
1
Let s(h) = 2*h - 3 + h**2 - 5*h + 1. Let x be ((-1)/(-3) + -1)*-6. Calculate s(x).
2
Let p(u) = 4*u - u**3 + 4*u**2 - u - 5 + u**2. Let v be 30/(-18)*(2 + -5). Determine p(v).
10
Let r(n) = -5*n**2 + 1. Let x(t) = -14*t**2 + t + 4. Let k = 4 + -2. Let l(p) = k*x(p) - 7*r(p). Calculate l(-1).
6
Let r(n) = n. Let j(v) = v**2 - 3*v. Let h be j(6). Suppose -5*w - 12 = h. Determine r(w).
-6
Suppose f - 5 = 0, -22 = -2*k - 0*f - 2*f. Let g(z) = z**2 - 9*z + 8. Give g(k).
-10
Suppose 6 = 3*a, p - 2 = -3*p - 5*a. Let o(m) = 2*m**3 + 4*m**2 + 4*m + 3. What is o(p)?
-5
Let i(v) = -v**3 - 4*v**2 + 5. Let n be i(-4). Let r(w) = -w. Let l(z) = -2*z - 4. Let d(u) = l(u) - 3*r(u). What is d(n)?
1
Let w(m) = 3*m**3 - 9*m**2 - 2*m + 5. Let v(y) = -y**3 + y**2 - 1. Let s(d) = -4*v(d) - w(d). Calculate s(-5).
-11
Let y(a) be the third derivative of a**6/60 + a**5/20 + a**4/8 + a**3/2 - 10*a**2. Let x = -3 + 1. What is y(x)?
-7
Let g = -10 - -14. Let l(t) = 14*t - t**3 + 5*t**2 - 3 - 27*t + 9*t. Give l(g).
-3
Suppose -8 = -2*i - 2*t - 2*t, 3 = 3*t. Let n(w) be the second derivative of -w**3/6 - w**2 + 5*w. What is n(i)?
-4
Let h be (-2)/(-3)*3/(-1). Let r(p) be the first derivative of 2*p**3/3 + p**2/2 - 2*p + 2. What is r(h)?
4
Let j(s) be the third derivative of -s**9/60480 - s**8/3360 - s**7/1680 + s**6/120 + s**5/20 + 4*s**2. Let i(c) be the third derivative of j(c). What is i(-5)?
-4
Let v(s) = s**3 + s**2 + 4. Let x(f) = 10 + 0*f - 3*f + 4*f. Let t be x(-10). Determine v(t).
4
Let r(p) = 2*p**3 - p**2 - p + 1. Suppose b + 2*j - 4*j = 16, -4*b + 2*j = -34. Let g be ((-4)/6)/((-4)/b). What is r(g)?
1
Let j(c) = -c**3 + 4*c**2 + c - 5. Let v be 90/21 + (-2)/7. Calculate j(v).
-1
Let p(w) = 7*w**3 - w**2 - w - 11. Let o = 5 + 1. Let a(d) = 8*d**3 - d**2 - d - 12. Let s(c) = o*a(c) - 7*p(c). Calculate s(0).
5
Let t(b) be the second derivative of -b**5/20 + b**4/3 - b**3/6 - 2*b. Let n(v) = v**3 - v**2 - v + 6. Let p be n(0). Let w be (-6)/(3/p - 2). Calculate t(w).
-4
Let b = -4 - -3. Let u(j) = -145 + 145 + 4*j + 6*j. Give u(b).
-10
Let b = 13 - 10. Let a(v) = -14 - v + b*v - v. Calculate a(6).
-8
Let w(r) = r**2 + 5*r. Suppose -25 = 4*n - 9*n. Suppose 0 = -3*v - 4*q + 3*q, -n*v + 4*q - 17 = 0. Let i be -1 + v*(4 - 1). Calculate w(i).
-4
Let c(p) = 3*p - 4. Let x(a) = -a**2 + 6*a - 9. Let w be x(5). What is c(w)?
-16
Suppose v = -q - 2, -4*q - 1 = 2*v + 3. Let x be (-45)/(-25) + v/(-10). Suppose -4*c - 4*m = -c + 19, 0 = c + x*m + 7. Let b(h) = -h**2 - 5*h + 7. Give b(c).
7
Let d(z) be the third derivative of 0 - 1/60*z**5 + 1/4*z**4 + 0*z - 5*z**2 + 0*z**3. Determine d(6).
0
Let w(k) = k**3 + 8*k**2 + 12*k - 3. Let h(v) = -v - 1. Let x(u) = -5*h(u) - w(u). Determine x(-7).
8
Let g(w) = 0 - w**2 + 7 + 16044*w - 16043*w. Suppose -2*r + 0 = 2*m + 4, 4*m + 8 = 2*r. Determine g(r).
7
Let h be (-21)/6*(0 - 2). Let q(b) = h - 18*b + 18*b - b**2. Give q(0).
7
Let w(b) = b**2 + 8*b + 8. Let m be w(-6). Let a be 0 + m*6/(-8). Let p(k) = -k + 1. What is p(a)?
-2
Suppose 0 = -i + 5*v + 12, 5*i = 3*v - 2 + 18. Let t(f) = 2*f - 3*f**2 + f - f**2. Give t(i).
-10
Let l(d) = -d - 1. Let m be l(6). Let h = 6 + m. Let q(a) = -3*a**3 + 2*a**2 + 2*a + 1. Give q(h).
4
Let t be (-3 + 6 - 0)/1. Let v(w) = 3 - t - 1 - 4*w. Let m = 0 + -1. What is v(m)?
3
Let s = 3 + -1. Let n(a) = 12*a - 1 - 3*a - s*a - 4*a. Suppose 4*d = -2*t + 6*d + 2, 5*t = -4*d + 14. What is n(t)?
5
Let s(b) = 2*b**2 - 4*b + 1. Let w(p) = p**2 - 2*p. Suppose k + 36 = 5*k. Let h(g) = k*w(g) - 4*s(g). Calculate h(4).
4
Let v(b) = -b**2 + 4*b - 3. Let q be -9*(-1 + 12/9). Let x = 6 + q. What is v(x)?
0
Let z(r) = r**3 - 3*r**2 - 2*r + 2. Let q = -15 + 17. Suppose -2 = q*d - 8. Calculate z(d).
-4
Let x(i) be the third derivative of -i**4/8 + i**3 - 13*i**2. Calculate x(5).
-9
Let k(n) be the second derivative of n**4/12 - n**3 + n**2 + n. Let v(o) be the first derivative of -o**3/3 - 5*o**2/2 + 5*o - 1. Let c be v(-5). What is k(c)?
-3
Let j(z) = -z**3 + z**2 + 7*z + 6. Let m(s) = 6 - s**2 - s**3 + s**2 + 7*s. Suppose 3*u - 9*u + 24 = 0. Let q(f) = u*j(f) - 5*m(f). Calculate q(-5).
4
Let d be 44/(-7) + 2/7. Let j(z) = 3*z**2 + 5*z - 8. Let c(t) = 13*t**2 + 20*t - 33. Let l(g) = -2*c(g) + 9*j(g). Give l(d).
0
Let j(z) = -z**2 - 4*z + 6. Suppose 0 = h + 2*o - 5, o - 25 = -0*h + 4*h. What is j(h)?
1
Suppose 5*f - 2 = 3. Let j(k) = -k - 1. Let x(y) = 36*y + 30. Let q(z) = 30*j(z) + x(z). Give q(f).
6
Let y(v) = -v**3 + 5*v**2 - v + 5. Let o(n) = -2*n + 2. Let k be o(6). Let r = k + 15. Determine y(r).
0
Let b(n) = -n**3 + 2*n**2. Let p(o) = o**3 - 2*o**2 - 1. Let i(d) = 1. Let s(y) = i(y) + p(y). Let g(m) = 4*b(m) + 3*s(m). Suppose -j + 1 + 1 = 0. What is g(j)?
0
Let g(i) = 2*i**3 + 2*i**2 + 4*i + 2. Let p = 80 - 82. Give g(p).
-14
Let a(f) = 2*f**2 + 6*f - 6. Let j be a(-5). Let g = j + -28. Let q = g + 9. Let l(s) = -s**2 - 6*s. Give l(q).
5
Let l(v) = -v**3 + 11*v**2 - 9*v - 9. Let m be l(10). Let c(i) = 3*i. Let s be c(m). Suppose 5 = 2*u - s*u. Let d(k) = -k**3 - 4*k**2 + 4*k + 1. What is d(u)?
6
Let o(y) = y**2 + y + 1. Suppose q - 2*t + 5 = 0, 3*q + 0*q + 5*t + 4 = 0. Calculate o(q).
7
Let i(o) = -o**3 + 8*o**2 - 5*o - 7. Let u = 45 + -38. Determine i(u).
7
Let r = 3 - 3. Let j(y) = 6 + 2*y - 4*y + r*y. Let k(i) = 2*i - 2. Let h be k(3). Determine j(h).
-2
Let d(j) = -9*j**3 - 2*j + 19 - 12 - 6 - 7*j**3. Calculate d(1).
-17
Suppose -3 = -2*w - 13. Let a(f) = 11*f**3 + 19*f**2 - 7*f - 1. Let c(p) = -5*p**3 - 9*p**2 + 3*p + 1. Let z(o) = -4*a(o) - 9*c(o). What is z(w)?
-10
Let z be 2 + (-3)/((-3)/(-4)). Let x(f) = -f - 5. Let j(u) = 6. Let v(d) = 2*j(d) + 3*x(d). Calculate v(z).
3
Let x(d) be the third derivative of -d**5/60 + 7*d**4/24 - 5*d**3/6 - 3*d**2. Let c be x(5). Let q(g) = -g**3 + 5*g**2 + g + 2. Calculate q(c).
7
Let y = 3 + 2. Let a(t) = -y - 2*t - 4 + t + 5. Determine a(-4).
0
Let x(z) = -2*z + 2. Let k(h) = -3*h - 1 - 2 + 2. Let r be k(-3). Let i be (r/12)/(4/18). What is x(i)?
-4
Let i(t) be the first derivative of t**5/120 - t**4/4 - 2*t**3/3 - 3. Let m(u) be the third derivative of i(u). What is m(6)?
0
Let l(f) = -f**3 + 6*f - 3*f + 0*f - 2 + 2*f**2. Suppose -3*p - 2*p + 15 = 0. Let i be l(p). Let k(o) = 2*o**3 + o**2 - 2*o. Calculate k(i).
-8
Let q(b) be the third derivative of 5*b**4/12 - 2*b**2. Calculate q(1).
10
Let n(d) be the third derivative of -d**6/120 - d**5/30 - d**4/6 - d**3/3 + 7*d**2. Give n(-2).
6
Suppose 139 = 3*w + 34. Let v be (12/(-10))/(14/w). Let c(j) = j + 7. Give c(v).
4
Let i(l) = -l + 2. Let s(b) = b - 2. Let p(m) = -6*i(m) - 7*s(m). Let j(t) = -t - 14. Let k be j(-14). Calculate p(k).
2
Let z(y) be the first derivative of -y**4/4 + 4*y**3/3 + y**2 + 7*y - 1. Let r be z(5). Let m = -12 - r. Let c(i) = -i**2 - 4*i + 5. Give c(m).
5
Suppose 0 = 2*z - 3*z. Suppose 2*i = 0, 5*v - 4*v - 2*i - 19 = z. Suppose 2*k = -3*p - v, 2*p + 10 = -0